{"id":3999,"date":"2025-06-13T21:26:31","date_gmt":"2025-06-14T02:26:31","guid":{"rendered":"https:\/\/dumpflashedit.com\/?page_id=3999"},"modified":"2025-08-10T13:53:29","modified_gmt":"2025-08-10T18:53:29","slug":"upa-dumpflash","status":"publish","type":"page","link":"https:\/\/dumpflashedit.com\/index.php\/upa-dumpflash\/","title":{"rendered":"upa dumpflash"},"content":{"rendered":"\n<h2 class=\"wp-block-heading has-text-align-left\"><strong>DUMPFLASH + UPA<\/strong><\/h2>\n\n\n\n<h2 class=\"wp-block-heading\">\u00bfQu\u00e9 ofrecemos?<\/h2>\n\n\n\n<p>Brindamos scripts personalizados y probados para el programador UPA, compatibles con diversos modelos de chips. Si est\u00e1s buscando scripts confiables y soporte t\u00e9cnico, est\u00e1s en el lugar correcto.<\/p>\n\n\n\n<h2 class=\"wp-block-heading\">\u00bfC\u00f3mo funciona?<\/h2>\n\n\n\n<ul class=\"wp-block-list\">\n<li>Descarga el Login<\/li>\n\n\n\n<li>Ejucutalo cada que necesites usar los scripts de DumpFlashedit<\/li>\n\n\n\n<li>Recibes acceso temporal al script desde nuestra plataforma<\/li>\n<\/ul>\n\n\n\n<h2 class=\"wp-block-heading\">Descargar Login<\/h2>\n\n\n\n<p>Puedes descargar el login necesario desde el siguiente enlace:<\/p>\n\n\n\n<p><\/p>\n\n\n\n<div class=\"wp-block-buttons is-layout-flex wp-block-buttons-is-layout-flex\">\n<div class=\"wp-block-button\"><a class=\"wp-block-button__link wp-element-button\" href=\"http:\/\/dumpflashedit.com\/upaclon\/LOGIN\/DUMPFLASHEDIT.rar?v=4\">Descargar Login<\/a><\/div>\n<\/div>\n\n\n\n<h2 class=\"wp-block-heading\">\u00bfCarpeta HELP?<\/h2>\n\n\n\n<p>Carpeta de ayuda donde habr\u00e1n archivos .bin e im\u00e1genes de ayuda para los script.<br>al descargar esta carpeta debes extraerla y moverla a la carpeta DeviceScript de UP\u00c4, sin modificar el nombre ni la ubicaci\u00f3n<\/p>\n\n\n\n<div class=\"wp-block-buttons is-layout-flex wp-block-buttons-is-layout-flex\">\n<div class=\"wp-block-button\"><a class=\"wp-block-button__link wp-element-button\" href=\"https:\/\/drive.google.com\/drive\/folders\/11JpmbXB_sclg0w6Gj3EJP-UCWe3--NHz?usp=sharing\">CARPETA HELP<\/a><\/div>\n<\/div>\n\n\n\n<p><\/p>\n","protected":false},"excerpt":{"rendered":"<p>DUMPFLASH + UPA \u00bfQu\u00e9 ofrecemos? Brindamos scripts personalizados y probados para el programador UPA, compatibles con diversos modelos de chips. Si est\u00e1s buscando scripts confiables y soporte t\u00e9cnico, est\u00e1s en el lugar correcto. \u00bfC\u00f3mo funciona? Descargar Login Puedes descargar el login necesario desde el siguiente enlace: \u00bfCarpeta HELP? Carpeta de ayuda donde habr\u00e1n archivos .bin [&hellip;]<\/p>\n","protected":false},"author":1,"featured_media":0,"parent":0,"menu_order":0,"comment_status":"closed","ping_status":"closed","template":"","meta":{"_acf_changed":false,"site-sidebar-layout":"default","site-content-layout":"","ast-site-content-layout":"default","site-content-style":"default","site-sidebar-style":"default","ast-global-header-display":"","ast-banner-title-visibility":"","ast-main-header-display":"","ast-hfb-above-header-display":"","ast-hfb-below-header-display":"","ast-hfb-mobile-header-display":"","site-post-title":"disabled","ast-breadcrumbs-content":"","ast-featured-img":"","footer-sml-layout":"","theme-transparent-header-meta":"","adv-header-id-meta":"","stick-header-meta":"","header-above-stick-meta":"","header-main-stick-meta":"","header-below-stick-meta":"","astra-migrate-meta-layouts":"set","ast-page-background-enabled":"default","ast-page-background-meta":{"desktop":{"background-color":"var(--ast-global-color-4)","background-image":"","background-repeat":"repeat","background-position":"center center","background-size":"auto","background-attachment":"scroll","background-type":"","background-media":"","overlay-type":"","overlay-color":"","overlay-opacity":"","overlay-gradient":""},"tablet":{"background-color":"","background-image":"","background-repeat":"repeat","background-position":"center center","background-size":"auto","background-attachment":"scroll","background-type":"","background-media":"","overlay-type":"","overlay-color":"","overlay-opacity":"","overlay-gradient":""},"mobile":{"background-color":"","background-image":"","background-repeat":"repeat","background-position":"center center","background-size":"auto","background-attachment":"scroll","background-type":"","background-media":"","overlay-type":"","overlay-color":"","overlay-opacity":"","overlay-gradient":""}},"ast-content-background-meta":{"desktop":{"background-color":"var(--ast-global-color-5)","background-image":"","background-repeat":"repeat","background-position":"center center","background-size":"auto","background-attachment":"scroll","background-type":"","background-media":"","overlay-type":"","overlay-color":"","overlay-opacity":"","overlay-gradient":""},"tablet":{"background-color":"var(--ast-global-color-5)","background-image":"","background-repeat":"repeat","background-position":"center center","background-size":"auto","background-attachment":"scroll","background-type":"","background-media":"","overlay-type":"","overlay-color":"","overlay-opacity":"","overlay-gradient":""},"mobile":{"background-color":"var(--ast-global-color-5)","background-image":"","background-repeat":"repeat","background-position":"center center","background-size":"auto","background-attachment":"scroll","background-type":"","background-media":"","overlay-type":"","overlay-color":"","overlay-opacity":"","overlay-gradient":""}},"footnotes":""},"class_list":["post-3999","page","type-page","status-publish","hentry"],"acf":[],"aioseo_notices":[],"_links":{"self":[{"href":"https:\/\/dumpflashedit.com\/index.php\/wp-json\/wp\/v2\/pages\/3999","targetHints":{"allow":["GET"]}}],"collection":[{"href":"https:\/\/dumpflashedit.com\/index.php\/wp-json\/wp\/v2\/pages"}],"about":[{"href":"https:\/\/dumpflashedit.com\/index.php\/wp-json\/wp\/v2\/types\/page"}],"author":[{"embeddable":true,"href":"https:\/\/dumpflashedit.com\/index.php\/wp-json\/wp\/v2\/users\/1"}],"replies":[{"embeddable":true,"href":"https:\/\/dumpflashedit.com\/index.php\/wp-json\/wp\/v2\/comments?post=3999"}],"version-history":[{"count":19,"href":"https:\/\/dumpflashedit.com\/index.php\/wp-json\/wp\/v2\/pages\/3999\/revisions"}],"predecessor-version":[{"id":4285,"href":"https:\/\/dumpflashedit.com\/index.php\/wp-json\/wp\/v2\/pages\/3999\/revisions\/4285"}],"wp:attachment":[{"href":"https:\/\/dumpflashedit.com\/index.php\/wp-json\/wp\/v2\/media?parent=3999"}],"curies":[{"name":"wp","href":"https:\/\/api.w.org\/{rel}","templated":true}]}}